06456458?
True
Is 14312636 a multiple of 1118?
True
Does 1650 divide 818464350?
True
Does 121 divide 3771933?
True
Is 309 a factor of 1687545426?
False
Does 233 divide 405788140?
True
Does 7 divide 1196769154?
True
Is 132 a factor of 821756354?
False
Does 564 divide 520209912?
True
Is 609 a factor of 324748032?
True
Does 13 divide 30484194?
True
Does 1206 divide 86444732?
False
Is 5309 a factor of 628336077?
True
Does 242 divide 13724788?
True
Is 27115045 a multiple of 55?
False
Does 15 divide 25953541?
False
Is 43 a factor of 207640636?
True
Is 94 a factor of 649966384?
True
Is 564 a factor of 537514560?
True
Is 22145780 a multiple of 46?
True
Is 96 a factor of 303018720?
True
Does 11 divide 155586599?
False
Is 34288022 a multiple of 369?
False
Is 1248 a factor of 230617920?
True
Does 560 divide 40023730?
False
Is 421 a factor of 120194055?
False
Does 739 divide 135287291?
False
Is 303160585 a multiple of 6383?
True
Is 1777228190 a multiple of 374?
False
Does 140 divide 220259210?
False
Is 245509414 a multiple of 32?
False
Does 22 divide 238529743?
False
Is 93487747 a multiple of 3216?
False
Is 16011250 a multiple of 29?
False
Does 2913 divide 422355870?
True
Does 968 divide 90196923?
False
Is 2342964 a multiple of 6?
True
Does 18 divide 70508088?
True
Does 168 divide 332363844?
False
Is 852766770 a multiple of 131?
True
Does 27 divide 1533422207?
False
Does 18 divide 621985466?
False
Is 1123 a factor of 11425972?
False
Does 17 divide 217848702?
False
Does 1557 divide 1385647479?
True
Is 15 a factor of 169067070?
True
Is 93922142 a multiple of 2?
True
Is 43342616 a multiple of 142?
False
Does 47 divide 2413774?
False
Is 54644484 a multiple of 318?
True
Is 21 a factor of 2232449826?
False
Does 581 divide 246270822?
False
Is 37 a factor of 16183948?
True
Is 189189126 a multiple of 984?
False
Is 104 a factor of 64776608?
True
Is 2 a factor of 73773293?
False
Is 41912753 a multiple of 19?
False
Does 60 divide 19694340?
True
Is 6501045 a multiple of 5?
True
Is 1043 a factor of 1541638483?
True
Does 576 divide 119500416?
True
Is 260060413 a multiple of 1254?
False
Is 21 a factor of 1076042331?
True
Is 3640 a factor of 424622713?
False
Is 297 a factor of 155062809?
True
Is 516118301 a multiple of 1945?
False
Does 191 divide 1231923?
False
Is 2 a factor of 43781266?
True
Does 302 divide 5755815?
False
Is 926 a factor of 18725956?
False
Does 71 divide 22419741?
True
Is 282 a factor of 553422662?
False
Does 3183 divide 20108158?
False
Is 2187 a factor of 2337620949?
False
Does 186 divide 622159475?
False
Does 72 divide 361343448?
True
Does 183 divide 351960789?
True
Is 638535156 a multiple of 131?
False
Is 4 a factor of 14058552?
True
Does 416 divide 18217652?
False
Is 988 a factor of 411248084?
True
Does 913 divide 169473887?
False
Does 9 divide 311783024?
False
Is 1051701996 a multiple of 22?
False
Does 44 divide 468268307?
False
Is 273666636 a multiple of 492?
True
Is 1652113752 a multiple of 7198?
True
Is 24 a factor of 4757363?
False
Is 70598320 a multiple of 104?
True
Does 674 divide 10278500?
True
Is 310 a factor of 208409590?
True
Does 225 divide 5672504?
False
Does 15 divide 13350000?
True
Does 3413 divide 47297566?
False
Is 293 a factor of 3958978?
False
Is 126 a factor of 357575266?
False
Does 14 divide 1073082226?
False
Is 928 a factor of 33993911?
False
Is 39261843 a multiple of 27?
False
Does 844 divide 394467377?
False
Is 24914170 a multiple of 506?
False
Is 2505824 a multiple of 8?
True
Does 3 divide 25394446?
False
Is 18 a factor of 116432414?
False
Does 12 divide 2368060332?
True
Is 207 a factor of 987754563?
False
Does 37 divide 355646368?
True
Is 122753764 a multiple of 14?
True
Is 1672513449 a multiple of 562?
False
Is 417399774 a multiple of 1320?
False
Does 2 divide 1052748?
True
Is 2866168410 a multiple of 35?
True
Is 229697460 a multiple of 2115?
True
Does 16 divide 73562976?
True
Does 1203 divide 803140587?
False
Is 517 a factor of 36834182?
True
Does 44 divide 39547008?
False
Does 129 divide 240456516?
True
Does 2605 divide 70285505?
True
Is 462 a factor of 192298925?
False
Is 58 a factor of 7519004?
True
Is 5920 a factor of 4241709600?
True
Does 3 divide 27023522?
False
Is 533 a factor of 106014689?
False
Is 1475 a factor of 434360950?
True
Is 416206414 a multiple of 74?
True
Does 540 divide 54954265?
False
Does 77 divide 134950976?
False
Is 2691545060 a multiple of 170?
True
Is 445776843 a multiple of 813?
True
Does 583 divide 179194378?
True
Does 7 divide 1075545303?
True
Is 73179155 a multiple of 185?
True
Is 27287210 a multiple of 819?
False
Is 13 a factor of 20620223?
True
Does 145 divide 73365505?
True
Does 334 divide 69529844?
False
Does 658 divide 28782939?
False
Is 1697129361 a multiple of 101?
True
Is 244406956 a multiple of 94?
True
Is 15 a factor of 6280354425?
True
Is 6151392 a multiple of 416?
True
Does 400 divide 2318400?
True
Is 136 a factor of 5557912?
True
Does 33 divide 1589876970?
True
Does 70 divide 1012456385?
False
Does 16 divide 763184?
True
Does 970 divide 58242680?
True
Is 195 a factor of 24624780?
False
Does 23 divide 71655434?
False
Is 131 a factor of 627299101?
False
Is 63654500 a multiple of 325?
True
Does 11 divide 5959877?
True
Is 3674 a factor of 87511006?
True
Is 192942995 a multiple of 4?
False
Is 7756840 a multiple of 5?
True
Is 83682950 a multiple of 55?
False
Does 34 divide 20102473?
False
Is 387 a factor of 242699323?
False
Is 81406961 a multiple of 687?
False
Is 1237 a factor of 15200248?
False
Is 50 a factor of 1489548682?
False
Is 7765800 a multiple of 30?
True
Is 1747200972 a multiple of 393?
True
Is 90681520 a multiple of 128?
False
Does 91 divide 1457104439?
False
Is 74986862 a multiple of 1009?
True
Is 23 a factor of 93298373?
True
Does 839 divide 106772950?
False
Is 2758 a factor of 47796140?
True
Does 3436 divide 23677476?
True
Is 8 a factor of 702139864?
True
Does 127 divide 52627657?
True
Does 73 divide 62206288?
False
Is 341 a factor of 1154565643?
True
Does 52 divide 2022562782?
False
Is 83747250 a multiple of 114?
True
Is 1814 a factor of 31933656?
True
Is 257 a factor of 1338998363?
False
Is 46 a factor of 21493270?
True
Does 72 divide 18549576?
True
Is 2481259809 a multiple of 73?
False
Is 17 a factor of 380099328?
True
Does 10102 divide 1343601754?
False
Is 290 a factor of 10507860?
True
Is 4 a factor of 1046491?
False
Is 12551248 a multiple of 164?
True
Is 103 a factor of 27846782?
False
Does 2 divide 5637835?
False
Is 56882742 a multiple of 313?
True
Does 10722 divide 1667238834?
True
Does 328 divide 410942411?
False
Is 13077428 a multiple of 41?
False
Is 32561597 a multiple of 103?
False
Does 92 divide 115243397?
False
Does 641 divide 7641361?
True
Does 256 divide 67250944?
True
Is 28 a factor of 228477872?
True
Does 108 divide 66326892?
False
Is 198987949 a multiple of 11?
False
Is 34806647 a multiple of 367?
True
Is 7 a factor of 8835155?
True
Is 2180 a factor of 296213944?
False
Is 4654174 a multiple of 12?
False
Is 9641121 a multiple of 15?
False
Does 30 divide 1307699613?
False
Does 17 divide 135114218?
False
Is 101944234 a multiple of 437?
True
Is 14 a factor of 781664786?
True
Is 983 a factor of 1162015196?
False
Does 43 divide 6119001179?
True
Is 73690815 a multiple of 11?
True
Does 224 divide 169311520?
True
Is 72166248 a multiple of 756?
True
Is 48 a factor of 67601766?
False
Does 694 divide 2109917027?
False
Is 327 a factor of 114858499?
False
Is 766 a factor of 28430683?
False
Is 9 a factor of 27377041?
False
Is 21 a factor of 34823707?
False
Is 598418712 a multiple of 72?
True
Is 53775430 a multiple of 185?
True
Is 86 a factor of 1232704088?
False
Is 4 a factor of 5521484?
True
Does 755 divide 19442005?
True
Does 15 divide 129698560?
False
Is 64 a factor of 563343303?
False
Is 16591167 a multiple of 16?
False
Is 476 a factor of 233761760?
False
Is 1583 a factor of 25454640?
True
Is 22 a factor of 226102917?
False
Is 28843563 a multiple of 6?
False
Is 210742713 a multiple of 393?
True
Is 6803500 a multiple of 10?
True
Does 85 divide 20750329?
False
Is 559329310 a multiple of 5?
True
Is 301525544 a multiple of 45?
False
Is 121 a factor of 57050653?
True
Is 14 a factor of 470093148?
True
Is 119 a factor of 1103829385?
False
Does 2658 divide 63114959?
F